 be (-3416904)/(-6480) + 6/(-20). What is the highest common factor of n and 425?
17
Suppose 0 = -68*b + 117*b - 73*b + 5712. What is the greatest common factor of b and 19278?
238
Let x = 75 + -24. Suppose -150*h = -128*h - 1870. Calculate the highest common divisor of x and h.
17
Let h(l) = -2*l**3 + 3*l**2 - l. Let k be h(1). Suppose k = -14*a - 46 + 270. What is the highest common divisor of a and 184?
8
Let b(j) = 95*j**2 - 70*j + 19. Let r be b(7). What is the greatest common factor of r and 8?
8
Suppose -7*n + 82 = 5*i - 8*n, -2*i - 3*n + 26 = 0. Suppose i*q - 5140 - 1340 = 0. What is the greatest common divisor of q and 162?
81
Let j be 42/(-4)*-1*28/21. Suppose -j*p + 4*t = -16*p + 4, 2*p - 8 = -3*t. What is the greatest common factor of p and 12?
2
Let k be (83/(-249))/(3/(-54)) - (-68 + -1). Calculate the greatest common factor of 23475 and k.
75
Let v be ((-658)/(-752)*(-8)/(-14))/((-2)/(-260)). Let u(l) = -46*l - 9. Let j be u(-5). What is the highest common divisor of j and v?
13
Let m(w) = -w**3 + 6*w**2 - 2*w - 9. Let i be m(2). Suppose i*f + 682 = 25*f. What is the highest common divisor of f and 496?
31
Let s be 11 + (-15 - -29 - 14). What is the highest common divisor of 6369 and s?
11
Let m(u) = -2*u**3 - 65*u**2 - 58*u - 76. Let d be m(-32). Calculate the highest common divisor of 420 and d.
84
Suppose 119 = -6*q - 181. Let f = -50 - q. Suppose f = -3*t + 3 + 21. What is the highest common divisor of t and 72?
8
Suppose -4579*v + 4574*v = -1690. Calculate the greatest common factor of 91 and v.
13
Let l be (111 - 108)/((-1)/(-23)). What is the highest common factor of 92 and l?
23
Let k = -5675 - -5732. What is the highest common factor of 133 and k?
19
Let s be 0 - 1/9 - 1242/(-243). Let q be 103 + (s + -3 - 4) + 7. What is the highest common divisor of q and 48?
12
Let b = 2107 - 2103. Calculate the highest common factor of 284 and b.
4
Suppose -4*a - 7*w = -11*w - 24, a + 2*w + 3 = 0. What is the greatest common factor of a and 249?
3
Suppose 131*m - 3*r + 101534 = 136*m, 2*r - 6 = 0. Calculate the highest common factor of 262 and m.
131
Suppose -261*t + 262*t - 63 = 0. Calculate the greatest common divisor of 399 and t.
21
Let f = 177 - 140. Suppose 33*t = f*t - 8. Suppose -t*p + 579 = 3*p - 4*u, 0 = 3*u + 3. Calculate the highest common factor of 46 and p.
23
Let l be 2028/15 - (-52)/65. Suppose 3*q = -q + 4*y + l, -2*q = -4*y - 64. Let k be 10*(1/(-5) - -1). Calculate the highest common factor of k and q.
4
Let o be (4/(-6))/(68/(-130050)). Calculate the greatest common divisor of 50 and o.
25
Let t be (-9336)/(-9) + -2 + 33/(-99). Calculate the highest common divisor of t and 90.
45
Let h(k) = 2*k**3 - 9*k**2 + 8. Let z be h(8). Suppose 0 = -o - 136 + z. Let x(n) = 23*n - 83. Let d be x(5). Calculate the highest common divisor of d and o.
32
Suppose -2*l = -4*u - 48, -2*l + 34 = -3*u - 0*l. Let p be 6/u + 48/14. Let j = 7808 - 7793. Calculate the greatest common factor of j and p.
3
Suppose -42*h - 4434 + 42486 = 0. Calculate the greatest common factor of h and 151.
151
Let w be 25 + 2 - (4 + -1). Suppose 0 = -2*k - w + 52. Let y(b) = 16*b - 10. Let z be y(5). Calculate the highest common divisor of z and k.
14
Let t be (-4)/(-22) + (-15128)/(-44). Let q be (-148)/(-14) - 10278/3997. Calculate the highest common factor of q and t.
8
Let l be (-2)/(-18) + (-4529)/(-63). Suppose 2*k - 36*p + 37*p - 608 = 0, -5*p = k - 286. What is the highest common factor of l and k?
18
Let s be (4 + (-21)/12)/(18/96). Let g be 2/s - (-290250)/324. What is the highest common divisor of 28 and g?
28
Let m(i) = i**2 - 2*i - 12. Let a be (-75)/(-30)*(-3)/((-6)/4). Let j be m(a). Suppose -11 = -4*q - j. What is the greatest common factor of 14 and q?
2
Suppose 992 = 15*j + 152. Suppose -l + 9 + 0 = 0. Let d = l + -2. What is the greatest common factor of d and j?
7
Let c be (5/(-4) - -1)*(-25 - -25). Suppose c = 7*u - 8 - 6. Suppose 58 + u = 5*d. What is the highest common divisor of d and 6?
6
Suppose -7*i - 140*i = 69*i - 11880. What is the greatest common divisor of i and 1463?
11
Let c be 591*1 - 1 - -32*10/80. Calculate the greatest common divisor of 4554 and c.
198
Let l = -522 + 556. Suppose -60 = -j + 5*a - l, j - 3*a = 30. What is the highest common divisor of j and 468?
36
Let n = 269 - 90. Let d = n + -126. Suppose 58*z - d*z - 260 = 0. Calculate the greatest common factor of 364 and z.
52
Let w = 18467 + -18390. Suppose -22 = 4*q - 66. What is the highest common factor of q and w?
11
Suppose 3*g = 2*g + 50. Let f be (-30)/(-80)*4*1*14. Let n be 70/4*(-3 + 93/f). Calculate the highest common divisor of g and n.
25
Let z(p) = 3*p + 30. Let k be z(8). Let n be 63449/469 + -2 + 12/7. What is the greatest common factor of k and n?
27
Let c(j) = 992*j**2 - 204*j + 201. Let p be c(1). Calculate the highest common divisor of 86 and p.
43
Let s be (34/(-4))/((-2)/(-4)). Let r = -84 - -62. Let h = s - r. Calculate the greatest common factor of h and 55.
5
Let n = 564 - 502. Suppose -2*x = -n - 54. What is the highest common factor of x and 319?
29
Suppose 0 = -3*y, 14*g = 11*g + 5*y + 9. What is the highest common factor of 2433 and g?
3
Suppose -q = 5*m - 3, -10*q + 30 = -6*q + 2*m. Suppose 0 = 2*s + 3 - 9. Let h be (-3)/(s*2/(-176)). What is the greatest common factor of q and h?
8
Suppose 200*t - 37260 = 119*t. What is the highest common factor of t and 700?
20
Let v(k) = -k**3 + 57*k**2 - 109*k + 13. Let r be v(55). Calculate the greatest common factor of 3604 and r.
68
Let y be 4/(-32)*-4 - ((-573342)/4)/17. What is the greatest common factor of y and 408?
136
Let v = -285 - -319. Suppose v*a + 225 = 37*a. What is the greatest common factor of a and 30?
15
Let l be 46/(3*8/12). Suppose -10641 = -5*p + 4*h - 1489, p + 2*h - 1836 = 0. Suppose -p = -10*g - 682. What is the greatest common divisor of l and g?
23
Let f be 25900/(-125)*(0 + -1)*5. What is the highest common factor of 21 and f?
7
Suppose -7*f + 4*f = -6. Suppose 4*o - 5*o = f*l - 2, -3*o - 2 = 2*l. Suppose l*n + 8 = 26. What is the highest common divisor of 12 and n?
3
Let b(r) = -2*r + 69. Let s be b(25). Suppose 0 = -58*i + s*i + 468. What is the greatest common divisor of i and 69?
3
Suppose 4*k - 201 = a - k, 740 = -4*a + 4*k. Let s = 271 + a. Calculate the highest common factor of 150 and s.
30
Let z(r) = r**2 + 2*r - 34. Let y be z(-25). Suppose 0 = -5*m + y + 309. What is the greatest common factor of m and 34?
34
Let l(n) = -n**3 + 7*n**2 + 8*n + 5. Let q be l(8). Let f = 182 - 177. Let v(w) = 26*w - 75. Let x be v(f). What is the highest common factor of x and q?
5
Let u be (-6)/(-15) + 651/35. Suppose -2*f = -u + 7. Suppose 7*p - 34 = f*p. What is the highest common factor of p and 51?
17
Suppose 5*a - 15*u - 36180 = -20*u, -14454 = -2*a - 5*u. Calculate the greatest common divisor of 272 and a.
34
Suppose 2*x + 6935 = 5*n, 2*n + 4*x + 4147 = 5*n. Let b = n - 470. Suppose -3*d = -2*j + 564 + 67, -d = 3*j - b. What is the highest common divisor of 28 and j?
28
Let p = -186 - -40. Let i be (p/219)/(2 + (-32)/15). What is the greatest common divisor of i and 380?
5
Let s = 48 + -45. Suppose s*o - 4*j = 34, 4*o + j + 3*j - 8 = 0. Suppose 300 = o*i - i. What is the greatest common factor of 90 and i?
30
Suppose -91*o = 24 - 270 - 118. Suppose 482 - 162 = 5*x. What is the greatest common divisor of o and x?
4
Let d be 31/4 - (-1)/4. Suppose 3*v + 5*z = 145, -v = 3*v - 2*z - 150. Suppose 4*a + v = 6*a. Calculate the greatest common divisor of d and a.
4
Let d = -21 + 21. Suppose 5*f = -25, 0 = -2*s - d*s - 5*f + 415. Let w = s + -92. What is the highest common divisor of 16 and w?
16
Let n(t) = -10. Let v(p) = p + 9. Let s(x) = -3*n(x) - 2*v(x). Let a be s(-3). Let f be -3*(-51)/9 + 1. Calculate the greatest common factor of f and a.
18
Let i = 19 + 21. Let a = 3201 + -3177. Calculate the greatest common factor of i and a.
8
Suppose -3*x + 5856 = 2*x - 2*w, 5*x - 5862 = 4*w. Let a be ((-6)/(-10))/(18/x). Suppose -114 + a = -5*h. Calculate the highest common divisor of 6 and h.
3
Suppose -3*y + 269 = -h, 61*h = -3*y + 58*h + 249. Let l = 225 + -159. Calculate the highest common factor of y and l.
22
Suppose -12*p - 364 = -37*p + 11*p. What is the greatest common f